uppose -3*s = 2*s + 4*d - u, -5*d = 0. What are the prime factors of s?
2, 3
Let c(j) = -j**3 - 2*j**2 - 2. Let m(v) = 4*v**2 - 1. Let s be m(-1). Let k = s - 6. What are the prime factors of c(k)?
7
Let x be 4/(-10)*(-10 + 5). Suppose -31 = x*m - 1. What are the prime factors of (-2 + 4/3)*m?
2, 5
Suppose -270 = -u - 26. What are the prime factors of u?
2, 61
Let b(t) = -t**3 - 2*t**2 - 4*t + 3. What are the prime factors of b(-3)?
2, 3
Let x be 6/4 + 2/4. Let b be x/(-6) + (-22)/6. Let l(j) = -j**3 - 4*j**2 - 2*j - 4. List the prime factors of l(b).
2
Suppose -10*b = -274 - 3336. List the prime factors of b.
19
Let n be 0/1 + 12/4. Let p(v) = 4*v**2 - 5*v + 2. List the prime factors of p(n).
23
Let z(h) = 5*h - 2. Let b(u) be the first derivative of -7*u**2 + 5*u - 1. Let w(t) = -4*b(t) - 11*z(t). What are the prime factors of w(5)?
7
Let a be (-1)/2 + 8/16. Suppose -5*n = 0, -3*g + a*g = 2*n - 21. What are the prime factors of g?
7
What are the prime factors of ((-80)/(-2) - -2) + 4?
2, 23
Suppose 5*n = -4*q - 0*q + 753, 4*q - 5*n - 703 = 0. List the prime factors of q.
2, 7, 13
Let g(p) = -3*p + 1. Let j(q) = -4*q + 1. Let c(h) = -5*g(h) + 4*j(h). What are the prime factors of c(-6)?
5
Let a(o) = o**3 + 8*o**2 + 7*o + 3. Let r be a(-7). Suppose -q = r*q - 64. What are the prime factors of q?
2
Let x(u) = 9*u**2 - u + 2. What are the prime factors of x(2)?
2, 3
List the prime factors of (6/(-4))/((-6)/88).
2, 11
Let l(y) = 5*y - 11. What are the prime factors of l(5)?
2, 7
Let w = 3 + 2. Suppose -w*u + 3*u = 0. Suppose u*k - k + 14 = 0. List the prime factors of k.
2, 7
Let o be -1 - ((2 - 11) + 2). Let q be (o/7)/(2/14). Let i(t) = t**2 - 4*t - 5. List the prime factors of i(q).
7
Suppose 0 = -5*r + 2*g - 0*g + 275, -5*g = 4*r - 220. What are the prime factors of r?
5, 11
Suppose 2*j + 0*j - 8 = 0. Suppose 5*d - t - 11 = -0*t, -4*t = -4*d - j. What are the prime factors of d?
3
Let t(h) = h**2 - h + 1. Let u(p) = 5*p**2 - 2*p + 5. Let c(k) = -6*t(k) + u(k). Suppose 5*v = 3 + 12. List the prime factors of c(v).
2
Suppose -3 = i - 7. Let q(z) = -4*z. Let f(u) = u + 1. Let b(j) = 5*f(j) + q(j). List the prime factors of b(i).
3
Let l(b) = -b**3 - 5*b**2 - b - 3. Let g be l(-5). Suppose i = 5*p - 37 + g, -5*p + 2*i = -40. What are the prime factors of p?
2, 3
Suppose -4 = 2*d - 4*d. Suppose -d = m - 1. Let o(k) = -10*k**3 - k. What are the prime factors of o(m)?
11
Let s be (33/(-44))/((-2)/(-96)). Let j = s - -60. List the prime factors of j.
2, 3
Let l(k) = -k + 1. Let n = 4 + -7. Let c be l(n). Suppose -2*x - 6 = 0, 2*f + 0*f = -c*x - 2. What are the prime factors of f?
5
What are the prime factors of (3*(-68)/(-10))/((-12)/(-30))?
3, 17
Suppose 0 = -4*g, 5*n + 2*g = 3*n + 328. What are the prime factors of n?
2, 41
Suppose -4*s = 3*i - 14, 5*s - 22 = 2*i + 7. Let t(r) = -r**3 + 2*r. What are the prime factors of t(i)?
2
Suppose 3*t - 5 = 85. Suppose 4*o + t = 3*c, o = 3*o + 6. List the prime factors of c.
2, 3
Let m(v) = -v + 16. Let l be m(14). Suppose 5*a - 6 = l*a. What are the prime factors of a?
2
Let y be ((-4)/5)/(2/10). Let j = y + 7. Suppose r = -j*r + 24. List the prime factors of r.
2, 3
Let t be 24/((-1)/(-1)) - 2. Let d be (-4)/(-22) + 216/t. Let m(f) = -f**2 + 10*f + 14. What are the prime factors of m(d)?
2, 7
Suppose -132 = -0*z - 2*z. Suppose -z + 14 = -4*h. What are the prime factors of h?
13
Let y(l) = -33*l + 11. What are the prime factors of y(-3)?
2, 5, 11
Let z(w) = 6 - 7*w**2 - w**3 - 7*w + 7*w. Let k be z(-7). Let q(m) = m**3 - 6*m**2 + m + 5. What are the prime factors of q(k)?
11
Suppose -5*w = 78 - 318. What are the prime factors of w?
2, 3
Suppose 1 - 3 = -x. Suppose -x*q + 12 = -4. Suppose 69 = -5*z + q*z. What are the prime factors of z?
23
Suppose 0*r - 3*r + 6 = 0. Suppose r*k - 34 = 54. What are the prime factors of k?
2, 11
Suppose -7 = 3*x + 4*w, -x - 5*w + 3 = -13. Let d(z) = -7*z - 5. What are the prime factors of d(x)?
2, 29
Suppose -4*u + 2*u - 8 = 0, 4*j = 2*u + 252. Suppose -5*n = 4*o - j, -3*o + 0*n + 32 = n. List the prime factors of o.
3
Suppose -3*x - 5*s + 83 = 0, -32 = 3*x - 3*s - 107. Suppose u + 0*u = x. What are the prime factors of u?
2, 13
Let w(t) = -t**2 - 2*t - 2. Let n be w(-4). Let q = -5 - n. List the prime factors of q.
5
Let z(x) = -2*x**3 + 3*x**2 - x + 2. Let w be z(2). Let c(k) = -k**3 - 2*k**2 + 2*k + 1. What are the prime factors of c(w)?
5
Let z(i) = -3 - i - 6*i**2 - i + 13*i**2. Let w be z(-3). List the prime factors of (-2)/8 + w/8.
2
What are the prime factors of (-22)/(-165) - 536/(-30)?
2, 3
Let c(b) = -15*b - 1. Let j = 0 + -1. What are the prime factors of c(j)?
2, 7
Suppose -7 = -2*m - 3*h + 34, 0 = -4*m + h + 89. Let j = m - 12. What are the prime factors of j?
2, 5
Let i(b) = -b**2 + 12*b - 15. List the prime factors of i(9).
2, 3
Let p = 3 - -3. Suppose 4*q - 21 = -0*q - s, 0 = -q - s + p. List the prime factors of q.
5
Let i(g) = -g**2 - 10*g - 10. Let b be i(-8). List the prime factors of (0 - b/9)*-12.
2
Let c(g) = 2 - 10*g**2 - 9*g + 9*g**2 - 5. Suppose -2*o - 3*b - 23 = 0, -2*o - 2*b = 23 - 3. What are the prime factors of c(o)?
11
Let g(b) = 5*b + 33. What are the prime factors of g(9)?
2, 3, 13
Let j be (-8)/10*(-75)/6. Let x = j - -1. Let s = x + -7. List the prime factors of s.
2
What are the prime factors of 738/15 - 1/5?
7
Suppose g + 27 = p - 4, 5*g - 195 = -5*p. Suppose p = 5*d + 3*v, -2*v + 7*v - 9 = 4*d. What are the prime factors of d?
2
Let x = -147 - -264. List the prime factors of x.
3, 13
Suppose 5*d + 139 = 34. Let u = d - -41. Suppose 0 = -0*h + 2*h - u. What are the prime factors of h?
2, 5
Let f be (-5)/(-2) - (-3)/(-6). Let n = f - 1. What are the prime factors of 0 - n - (-39)/3?
2, 3
Let s be (6/4)/((-3)/(-4)). Suppose s*k = -2*k + 36. What are the prime factors of k?
3
List the prime factors of (-4)/(-6) + 4510/30.
151
Suppose -2*l - h + 164 = h, -3*l = 5*h - 240. Suppose 3*b = -l + 235. List the prime factors of (-4)/(-18) + b/18.
3
Suppose -6*l - 155 = -11*l. What are the prime factors of l?
31
Suppose 5*f = 8*f. Suppose r - 3 = -3*w, -4*r + 3*r - 2*w + 3 = f. Suppose r*m - 13 = 17. What are the prime factors of m?
2, 5
Let o = -7 - -18. Let b = 16 - o. What are the prime factors of b?
5
Suppose g + 4*f = 7, -4*f = -4*g + 6*g - 10. Suppose g*y = 26 + 10. What are the prime factors of y?
2, 3
Suppose -4 = a - 2*a. Suppose -2*r = 3*m - 77, -5*r + 102 = a*m - 3*r. List the prime factors of m.
5
Let g = 17 - 8. List the prime factors of g.
3
Let q(s) = 2*s**2 - 7*s + 6. What are the prime factors of q(3)?
3
Suppose 12 = 2*q + 54. Let n = q - -41. List the prime factors of n.
2, 5
Suppose 4*c - 2*c = -4*i + 32, -3*c + 6 = 0. Suppose -48 = 5*u + i. Let l = 23 + u. What are the prime factors of l?
2, 3
List the prime factors of 1*(-12)/16*(1 - 5).
3
Suppose -6*a + 107 + 277 = 0. What are the prime factors of a?
2
Suppose -5*h = 5*t - t - 17, -2*t = 3*h - 11. Let s(w) = -w**3 + w**2 + 2*w. What are the prime factors of s(t)?
2
Suppose 0 = 3*z - 428 - 631. What are the prime factors of z?
353
Let h(n) = n. Let a be (-4 + 2)*(-3)/2. Let u be h(a). Suppose -27 - 12 = -u*v. List the prime factors of v.
13
Let s(a) = -a**2 - 10*a + 3. List the prime factors of s(-9).
2, 3
Let t(j) = j**3 + 3*j**2 + 2*j + 1. Let u be t(-3). Let o be (-9)/u - 3/(-15). Suppose -l = -o*l + 5. List the prime factors of l.
5
Suppose 0*v + 3*v = n - 10, 3*v + 3 = 0. Suppose 0 = n*g - 2*g - 3*s - 7, 5 = 5*s. Suppose -4*a + 7*a - 2 = l, g*a + 22 = 4*l. List the prime factors of l.
7
Let p be (10 + 0)*-1*-3. Suppose -6*i + p = -i. List the prime factors of i.
2, 3
Let z(q) = -q + 12. Let w be z(15). What are the prime factors of 12*(1/w + 4)?
2, 11
Let a(y) = -2*y - 1. Let v be a(-3). Suppose -48 - 7 = -v*w. What are the prime factors of w?
11
Let o = 34 - -77. What are the prime factors of o?
3, 37
List the prime factors of (-1116)/(-45) - 1/(-5).
5
Suppose 4*n - 101 = 495. What are the prime factors of n?
149
Suppose -3*c - c + 32 = 0. What are the prime factors of c/5*(-245)/(-14)?
2, 7
Let b(k) be the third derivative of -1/120*k**6 + 1/3*k**4 + 4/3*k**3 + k**2 + 0 - 7/60*k**5 + 0*k. List the prime factors of b(-8).
2
Let n(t) be the second derivative of t**4/6 -